or of n and 420.
14
Let z be 38*10/(-4)*15/(-75). Suppose 2*c = c + z. What is the highest common factor of c and 76?
19
Suppose b - 48 = -4*t + t, 0 = -3*b + 2*t + 133. Let r(w) = -6*w**2 + 5*w + 18. Let y be r(-6). Let m = 237 + y. What is the highest common factor of b and m?
9
Let q be (-35 - -1043) + (1 - -3). Calculate the greatest common divisor of q and 44.
44
Suppose 55*y - 1806 = 944. What is the highest common divisor of y and 25?
25
Let h = 212 - 127. Calculate the highest common divisor of h and 119.
17
Suppose w = 5*o + 6*w - 750, 3*o - 452 = -2*w. Suppose 4*p - 167 = -5*r + 5, -5*p - r = -194. Calculate the highest common factor of o and p.
38
Suppose 9 = 3*s + 69. Let j be 52/1*(-25)/s. Calculate the greatest common divisor of j and 13.
13
Let z = -107 + 111. Suppose 3*k - 29 = 3*d - 137, 5*k + 142 = z*d. What is the greatest common factor of 57 and d?
19
Let z be 5 - (-1 + 1)/2. Suppose 82*h + 1039 - 4319 = 0. What is the highest common divisor of h and z?
5
Let j be 1/((-20)/(-285))*8/3. What is the highest common divisor of 114 and j?
38
Suppose 0*z - 5*r + 428 = 4*z, -3*r - 107 = -z. What is the highest common factor of z and 963?
107
Suppose 0 = -5*r + 3*r + 8. Suppose 36 = r*f - 36. Calculate the highest common divisor of 198 and f.
18
Suppose 5*b - 16 - 34 = 0. Suppose 0 = 3*g - 12, g + 25 = 3*o - 4*g. Calculate the highest common factor of b and o.
5
Let s be (6/(-8))/(4/(-48)). Suppose s = 3*o + 3. Let m be o + (4 - 2) + 2. Calculate the greatest common divisor of 30 and m.
6
Suppose -3*i = -15, -2*b - 5*i + 17 = -42. Calculate the highest common divisor of 272 and b.
17
Let z be ((-3)/(-2))/((-69)/(-46)). Let p = 49 - z. What is the highest common factor of p and 120?
24
Let a = -348 - -423. What is the highest common divisor of 100 and a?
25
Let d(r) = r + 98. Let w(v) = -v - 4. Let f be w(-4). Let k be d(f). What is the greatest common divisor of k and 28?
14
Suppose -38 = -5*t + 3*q, -1 = -q + 2*q. Suppose 3*o - 5*z = -124, 6 = -5*o - 2*z - 180. Let l = 45 + o. What is the highest common factor of t and l?
7
Let m = 39 - 42. Let h = m - -6. Calculate the greatest common divisor of 1 and h.
1
Suppose 480 = -4*p + 828. What is the highest common factor of p and 3?
3
Suppose 3*g + 0*g - 435 = 0. Let h(c) = c**3 + 17*c**2 + 28*c + 28. Let o be h(-15). Calculate the greatest common divisor of g and o.
29
Let w be 3704/(-2778) - (-44)/(-6)*-1. Calculate the highest common divisor of w and 87.
3
Let y(m) = 13*m**2 + 13*m + 48. Let a be y(-7). What is the greatest common divisor of 54 and a?
54
Let p(v) = v**3 - 7*v**2 - v + 1. Let s be p(8). What is the highest common factor of s and 969?
57
Suppose -2*h + 28 = 2*h. Let r = 1 + h. What is the highest common divisor of r and 12?
4
Let a be (3/(-6))/((-7)/126). Let s(w) = -w. Let j be s(-5). Let o(h) = 15*h + 6. Let u be o(j). What is the greatest common factor of a and u?
9
Let u(f) = 10*f**2 - 21*f + 3. Let i be u(-3). What is the greatest common factor of 104 and i?
52
Let l = 29 - 0. Suppose -5*g + l = -41. Calculate the greatest common divisor of g and 4.
2
Let t(o) = o**2 - 7*o + 4. Let d be t(7). Suppose 3*v - d*p = -7, v = 5*p - 2 - 15. Let h be 15 + (18/(-3))/v. What is the greatest common factor of h and 26?
13
Let b(o) be the second derivative of -o**5/20 - o**4/4 - 4*o**3/3 - 23*o**2/2 + 38*o. Let u be b(-4). What is the highest common divisor of u and 200?
25
Let h be (-95)/57 + -11*1/(-3). Calculate the highest common factor of 82 and h.
2
Let u = -94 + 97. Let i = 23 + u. What is the greatest common divisor of i and 26?
26
Let q(b) = 5*b**2 + 4*b - 1. Let z be q(-2). What is the greatest common factor of z and 3?
1
Let d(i) = i**3 + 13*i**2 + 20*i - 5. Let b be d(-11). Calculate the greatest common divisor of b and 51.
17
Let d be (-1*13)/(-19 + 15184/800). Calculate the highest common divisor of 50 and d.
50
Suppose 855 = -359*f + 364*f. What is the highest common divisor of 456 and f?
57
Suppose -4*m + 19*m - 4440 = 0. Calculate the highest common factor of 8 and m.
8
Let i(g) = 7*g**2 - 20*g + 21. Let y be i(7). Calculate the greatest common divisor of y and 288.
32
Suppose -2*b - 3*s = 5 + 5, -b - 10 = 4*s. Let n be b/(-8) + 10648/32. What is the greatest common factor of 37 and n?
37
Let u(r) = -r**2 - 3*r + 3. Let c be u(-3). Let z = 4 + -2. Suppose -5*l - 2*n + 102 = 0, z*l + c*n - 36 = n. What is the highest common divisor of 2 and l?
2
Suppose 12*t - 2*n = 9*t + 566, 5*t = -3*n + 937. What is the greatest common factor of 705 and t?
47
Let y be -21*((-4)/(-6))/(28/(-714)). What is the highest common divisor of y and 315?
21
Let v = 109 - 106. What is the greatest common factor of 9 and v?
3
Let v be ((-88)/(-6))/(32/48). Let t = v + -19. What is the greatest common factor of t and 3?
3
Suppose -80*p + 11827 - 4147 = 0. What is the greatest common factor of p and 1024?
32
Suppose -17*p - 1188 = -29*p. What is the greatest common divisor of 9 and p?
9
Let z(t) = 1. Let n(x) = 9*x - 8. Let a(j) = -n(j) + 4*z(j). Let v be a(6). Let f be -4*(v/8 + 4). Calculate the greatest common divisor of f and 5.
5
Suppose 315 - 2822 = -23*q. Calculate the greatest common factor of 2071 and q.
109
Suppose 4 = -c + 13. Let d = -50 - -48. Let n be 2/(-1) - d - -1. Calculate the highest common divisor of c and n.
1
Suppose -21*u + 12984 = -1485. Calculate the highest common divisor of u and 159.
53
Suppose -23*c + 3*h + 174 = -20*c, -5*c - 3*h = -330. Calculate the greatest common divisor of c and 105.
21
Let m = -1678 + 1977. Calculate the highest common factor of m and 13.
13
Let d = 26 - -71. Let h = -78 + d. Calculate the greatest common factor of 209 and h.
19
Let g(h) = 9*h**2 - 4*h - 2. Let a be g(5). Calculate the highest common factor of a and 7.
7
Let a = 22 + -11. Let b be -113 + (-4 + 1 - -6). Let z be (27/(-45))/(2/b). What is the greatest common factor of a and z?
11
Let l(g) be the first derivative of 7*g**2/2 - 4*g + 2. Let k be l(3). Suppose -3*a = -k - 7. Calculate the greatest common divisor of a and 88.
8
Let p(o) = -6*o + 11. Let j be p(-7). Suppose 3*z - 5*c = 89, -j = -4*z - 2*c + 57. Let d = -1 + z. What is the greatest common factor of d and 27?
27
Let y(x) = -22*x + 310. Let r be y(11). Calculate the greatest common divisor of r and 357.
17
Let v = -38 + 36. Let m be 0/v - (2 - 3). What is the greatest common factor of 3 and m?
1
Suppose 0 = 3*c + 2*d - 2, -5*c + 6 = 5*d - 3*d. What is the greatest common factor of 50 and c?
2
Suppose 0*l = -2*l + 52. Suppose 0 = q - 3 - 1. Suppose q*f - f + 272 = 2*o, 4*o = -5*f + 500. What is the highest common factor of l and o?
26
Let w be (642/15)/((-58)/(-2320)). Calculate the highest common divisor of w and 16.
16
Let n = -18 - -22. Suppose w = n*w - 120. What is the greatest common divisor of 20 and w?
20
Let o = 428 - 268. Let p be -2*(-1 + 12/(-3)). What is the highest common factor of p and o?
10
Suppose 5*h = -w + 19, -12*w - 2*h + 76 = -8*w. What is the greatest common divisor of w and 5?
1
Suppose -2*k - 15 = 7. Let o = 17 + k. Let p be (-3)/(-1) + -2 + 14. What is the highest common factor of p and o?
3
Suppose 4*v + v = -85. Let x(z) = z**2 + 4*z + 2. Let r be x(-4). Let o = r - v. Calculate the greatest common factor of 190 and o.
19
Suppose 17*m - 4*m - 2964 = 0. What is the greatest common divisor of m and 12?
12
Suppose 0 = -3*b + a - 12, 2*b - 5*a + 5 + 16 = 0. Let d(y) = 18*y**2 + 16*y + 7. Let g be d(b). Calculate the highest common divisor of 11 and g.
11
Suppose -2*p + 2*l - 18 = -6*p, 20 = 4*l. Suppose -n = 4*s - 6*n - 98, 5*s = -p*n + 106. What is the highest common divisor of 33 and s?
11
Suppose 352 = 4*w + 4*y, -2*y = -4*y + 8. Calculate the highest common factor of 12 and w.
12
Suppose -2*d - 4*g = -7*g + 4, d + 2*g - 12 = 0. Suppose -14 = d*r - 182. Calculate the highest common factor of 6 and r.
6
Let a be (-45)/(4*1/(-4)). Suppose -4*y + 7 = -13. What is the highest common divisor of a and y?
5
Let p(i) = 3*i**2 - 37*i - 206. Let n be p(21). What is the highest common divisor of 100 and n?
20
Suppose -5*h = 3*n - 33, -20*h + 25*h = -2*n + 17. Calculate the greatest common divisor of n and 656.
16
Let m be (-20)/(-3)*(-24)/(-20). Suppose 0 = s - m - 22. Let o(h) = -h**2 + 7*